1)).
-22
What is the value of 1 + -61 + (-22 + (-5 - -28) - (-25 + 11))?
-45
Calculate -276 + 331 - (-3 - (3 - 0)).
61
What is the value of 13 + -3 + -164 + 130 + -21?
-45
0 - 2 - (3 + -12) - (18098 - 18030)
-61
What is the value of -5 + (6 + 1 + 3 - (11 - 3))?
-3
What is the value of (11 - 3) + 57 + -58 - (5 - -2)?
0
Evaluate (10 - 1 - (6 + -4 + 3)) + -32.
-28
Calculate -8 + 78 + -84 + 3 + -23.
-34
4 + -41 + 69 + 6
38
What is 7 + 2 + (0 - 12) - (34 - (18 + -25))?
-44
Calculate 39 + (-80 - (3 + -41)).
-3
Calculate 776 + -807 - (-87 - -1).
55
Evaluate 2 + (2 - -2 - (-16 - -18)) + -46 + 2.
-40
Evaluate 118 + -138 + (-2 + 0 + 5 - 5).
-22
What is -24 + -15 + 4 - -20 - 44?
-59
Calculate -145 - (-189 - -36) - (77 - ((-1 - -1) + 2)).
-67
Calculate -27 + 6 + 62 + -47 - ((-4 - -6) + 2).
-10
What is (14 - (-30 + (35 - -5))) + 6 + -1?
9
What is the value of (-4 + 3 + -14 + 8 + -7 - 58) + -5?
-77
What is (91 - 27 - 45) + 30?
49
What is the value of (0 - 7) + (-82 - -64 - -43)?
18
What is (-44 - -27) + (-10 - 28) + 3 + -16?
-68
What is the value of 1 + (-25 - 33 - -50)?
-7
Evaluate 13 - (197 + -169) - (1 + -1).
-15
What is -14 + -80 + 35 - -20?
-39
What is (17 + (-14 - -3) - 8) + 12 + -5?
5
What is the value of (10 + -17 + -17 + 21 - (-1 + 6)) + -27?
-35
Calculate (-2 - 5) + (-7 + -3 + 47 - 24).
6
-5 + (-33 - 1) + 63 + -66 + 4 - 11
-49
Calculate 1 + -1 - (26 + 6 + 1 + -21 + 10).
-22
What is the value of -20 + (28 - (-21 - -22)) + 24?
31
Evaluate -7 - (52 - 63 - -49).
-45
-25 - (218 + -253) - (-2 + 2)
10
Evaluate 130 + -48 + 23 + 5 + -19.
91
What is 14529 - 14631 - (0 - 54)?
-48
Calculate -39 + -47 + -12 + 76.
-22
What is -4 - (-7 - (-11 - -23 - 28) - 13)?
0
What is 5 + 46 - (1055 + -1041)?
37
What is -132 + 188 + (83 - 178)?
-39
What is 3 - (17 + 13) - (-8 - 71)?
52
What is the value of -11 - (-97 + 5 + (-13 - (-20 + -6)) + -25)?
93
Calculate -1 + 1 + 2 - (128 + -138) - (-3 + -5).
20
Evaluate 1 + -13 + 1 + 13 + 7 + 18.
27
What is -61 + 63 + -1 + -2 + 1 - (-28 - -38)?
-10
Calculate (-4 + 19 - 3) + 59 + (1 - -7 - 9).
70
566 + -489 + (-43 - 1)
33
Evaluate (74 - (-3 - 7)) + (-7 - (-17 + 25)).
69
What is -2 - (39 - 74) - 96?
-63
What is the value of (-16 - 4 - 1) + (-33 - -44) + (0 - 4)?
-14
Evaluate -231 - -237 - (-5 - (1 - (109 + -2))).
-95
-115 + 110 + (37 - 3) + -10
19
22 + 21 + 10 + -30 + 9
32
Evaluate (-14 + 10 - -6) + 7 + -37.
-28
Calculate -36 - (4 + (-35 - -62 - 34)).
-33
Calculate -8 + -69 - (8 - (-8 - -9)).
-84
Calculate (14 - 28 - -28) + 62 + 8.
84
-78 - (-71 + -42) - (0 - 0)
35
Evaluate (-40 - (-4 + 11 + -10)) + 7 + 1.
-29
Calculate 0 + (-28 - 49) + -6 + 9 + -4.
-78
-6 + (72 - (104 - 40)) - (-2 - -18)
-14
What is -75 + -1 - ((57 - 79) + 41 + -1)?
-94
What is 14 - (99 + -100 + -18 + 0)?
33
What is the value of 146 - 91 - (115 + -4)?
-56
What is -50 + 2 + -5 - (3 + 20 + -31)?
-45
102 + (-242 - -86) + 24
-30
Evaluate (-26 - 4) + (-23 - -33) + 100.
80
Evaluate 8 + -39 + 41 - (138 - 1) - (-6 + 12).
-133
What is 0 + 17 + -1345 + 1313 + 105?
90
What is 1 + 10 + (-2 + 8 - (28 + -37)) + -7?
19
Calculate (-1 - -75) + 16 + (24 - 35) + -12 + 5.
72
(73 - -2) + -1536 + 1461
0
What is 11 - ((11 - (10 + (16 - 10))) + (1 - 63))?
78
Calculate (-38 - -136) + -14 + -155.
-71
70 - (32 - (9 - (-18 + 12)))
53
(-2 - (0 + 32)) + 225 + -226
-35
Calculate (3 + -9 - 3 - -1 - 8) + 27.
11
What is the value of (74 - (-17 + 1 - -28)) + -17?
45
What is -230 - (127 + -252) - (-20 + -1)?
-84
Calculate -13 - 6 - -84 - 34.
31
What is 0 - (-7 + 14) - (-52 + (3 - -1 - 3))?
44
What is -8 + (-14 + (-4 - 1) - (-30 - 30))?
33
Evaluate (-51 - (-8 + 21)) + 6 + (7 - -2).
-49
Evaluate -16 + 54 + -17 - (1 - (10 - 16)).
14
Calculate -89 - (3 + (5 - -11 - 28) + 2).
-82
Evaluate (0 - -2) + -1 - -18 - (44487 + -44456).
-12
Calculate 2 + -3 - 10 - (-388 + 373) - 3.
1
What is the value of 0 - -13 - (-29 - (94 + -142))?
-6
7 + -20 + 13 + -5 + 15 - -11
21
-108 + -145 + 46 + 200
-7
-53 + (15 - -10) + (4 - 1)
-25
Evaluate (-55 + 44 - (-12 - -8)) + -2 + -2 + -35.
-46
Calculate -54 - (0 + -22 - (20 - -51 - 102)).
-63
What is the value of -68 + (-82 - -25) + 134?
9
What is the value of -3 - (59 + (38 - 78))?
-22
30 - ((7 + 8 - 16 - -5) + 3)
23
What is the value of 4 - (-8 - (-3 + 4)) - (-312 + 291)?
34
-88 - (0 - -7 - 26 - ((-14 - -5) + 1))
-77
What is the value of 19 + (2 - 6) + (-203 - -230)?
42
What is (-6 - (-5 - (-2 - 4 - -4))) + 66 + 27?
90
Calculate -8 + -10 + -10 - (-51 - 46).
69
What is 8 + -63 + -6 + 17 + (0 - 8) + 4?
-48
Evaluate 42 + (-29 - -46) + -68.
-9
What is the value of -190 + (-39 - -167) + (0 - 21)?
-83
(11 - ((-3 - -1) + 2)) + 5 + (22 - 79)
-41
Calculate (-1 + -9 - (35 + -53)) + (-7 - -6).
7
What is -575 + 518 - (-4 - -41)?
-94
What is -52 - (-11 + 1 - -16 - (14 + -4))?
-48
What is 0 - (-57 + (20 - -36) - (1 + 59))?
61
Calculate -39 + 40 + -41 + 24.
-16
Evaluate (-93 - -80 - (0 + -1 - 5)) + -12 - -6.
-13
(9 - -8) + -29 + 22 - (31 + 0)
-21
What is 48 - (-4 - 18) - 28?
42
Evaluate (-2 - -36) + ((-21 - (-50 - -13)) + -6 - 10).
34
Evaluate 37 + -14 - (104 - 39).
-42
Calculate -8 + 18 + -15 - (-3 - (4 + -14)).
-12
Evaluate (1061 - 1015) + -9 + -3 + 4.
38
What is the value of (-23 - -13) + 24 - (120 - 191)?
85
What is the value of -9 + 2 - (-20 + -41 + 31 - 18)?
41
Calculate (2 - 11) + (8 - (53 - (-27 + 22))).
-59
What is 130 + -75 + (-5 - 1) + -79 + 70?
40
What is the value of 31 - (2 + (-13 - -15)) - (-6 + 2 - -11)?
20
What is -202 + 161 + -28 + 33?
-36
Calculate (-37 - 1) + (3028 - 2973).
17
Evaluate -43 + 127 + -189 + 139.
34
Evaluate 96 + -9 - (440 - 392).
39
Evaluate (-42 - (-13 - 52)) + 0 + -17.
6
Evaluate 9 + (-50 - -1) + (8 - 13) + -3 + -1.
-49
(-22 + 14 - (2 + -2 + -4)) + 7 + -52
-49
What is the value of 8 + (1 - 64) + 5?
-50
What is the value of (1 - 33) + (20 + -5 - -12) + 0 + 108?
103
What is the value of (-3 - 0 - 42) + 58 + (107 - 182)?
-62
Evaluate 42 + -1 - (17 + (-61 - -31 - -3)).
51
What is the value of 70 + -3 + 78 + -107 + 19?
57
-33 + -1 + -16 + (-25 + -1 - -33)
-43
(-6 - -3 - -10) + 23 + 22 + -71
-19
Calculate -3 + -22 - (10 + -42 - (-27 - -10)).
-10
12 + 1 - (3 - -42) - (0 + -3)
-29
Evaluate (-5 - -90 - -6 - 26) + (1 + -2 - -1).
65
What is -83 - 29 - (16 + -161)?
33
What is the value of 44 + -108 + -26 - -73?
-17
What is (-111 - -235) + (-64 - 10)?
50
Calculate (42 - 18) + -6 - (-22 - -60).
-20
What is the value of -6 + ((-10 - -7) + -8 - (-1 + -20)) + -79?
-75
Calculate -4 - -54 - (-34 + 30 + 9).
45
52 - (-25 + 43 + 6 + -26)
54
Evaluate -80 + ((-14 + 9 - -10 - -1) + 0 - 9).
-83
Evaluate 14 + -8 + (-12 - -8) - -14 - -3.
19
What is the value of (-6 - -12) + -9 - ((12 - 22) + -6)?
13
Calculate -3 + -17 + -62 + 42.
-40
Calculate -5 + 1 + 23 + -25.
-6
Evaluate 9 + -18 - (28 + (-12 - 14)).
-11
What is -2 + (7 - 5) - (-143 + 129)?
14
Calculate -102 - 2 - ((2 - 0) + -534 + 537).
-109
-5 + (38 + -47 - 10)
-24
What is the value of (8 - 2) + -4 - (15 + -61 - (2 + -1))?
49
Calculate -17 + 22 + -5 + 3 + -7 + 15 - 20.
-9
-79 + 214 + -100 - -67
102
Calculate 237 - 259 - (-20 - 0) - -26.
24
40 - 153 - (-137 - -94)
-70
Evaluate -10 + 23 + -32 + 11 + (2 - 3) + 7.
-2
What is (12 - 25 - 46 - 0 - -5) + 5 + -2?
-51
Evaluate -29 + (-39 - -110) - -22.
64
What is the value of 28 + -90 + -9 + 54 - (88 + 0)?
-105
What is the value of -17 + 35 + 212 + -235?
-5
What is (-633 - -630) + 24 + 1 + 0 + 0 + 0?
22
((-27 - -1) + 94 + -80 - -20) + (0 - -21)
29
Calculate (-30 - 16) + -30 + 26.
-50
Evaluate 304 + -307 + 7 - (0 + -94 - -1).
97
What is the value of 2 - (-2 + -8) - 17 - (-45 + 1)?
39
(5 - ((7 - 3) + 3)) + (12 - (7 + -2))
5
-24 + 23 + -103 - 32 - (-1 - 16)
-119
Evaluate (-3 - -8) + (-6 + 17 - (29 - 13)).
0
Calculate 0 + 20 + (0 - 2 - -4) + (-4916 - -4919).
25
Evaluate (-26 - (-23 + 20)) + -46 + -23 - (-2 + 0).
-90
-34 + 1 + 93 + -79 - (-50 - 18)
49
Calculate -9 + 1 + (-1 + (-14 - -31) - -20).
28
What is (-2 - -3 - (3 + -3)) + -7473 + 7499?
27
Evaluate 73 - (126 + -127 - (-7 + -1 + 3 - 3)).
66
Evaluate -110 + (-1533 + 1517 - (-18 - (-4 - (-5 - -3)))).
-110
What is the value of -80 + (-59 - -96) + 16 + 1?
-26
Evaluate (-4 - 125) + (-26 - -49) + 4 + -15 + -1.
-118
What is the value of 1 + 9 + (4578 - 4549) + -6 + -1?
32
What is the value of (14 + 14 + -42 - -120) + 36?
142
What is 2 + (2 - -2)